?
95
What is the remainder when 1951 is divided by 1212?
739
Calculate the remainder when 129770 is divided by 21.
11
Calculate the remainder when 4677 is divided by 426.
417
What is the remainder when 88071 is divided by 484?
467
Calculate the remainder when 11153 is divided by 127.
104
Calculate the remainder when 1347552 is divided by 5.
2
Calculate the remainder when 1263931 is divided by 213.
202
What is the remainder when 666202 is divided by 33?
31
What is the remainder when 7809 is divided by 11?
10
What is the remainder when 479365 is divided by 46?
45
Calculate the remainder when 1226 is divided by 828.
398
Calculate the remainder when 1209 is divided by 1062.
147
Calculate the remainder when 4511 is divided by 2159.
193
Calculate the remainder when 258681 is divided by 86223.
12
What is the remainder when 5286 is divided by 109?
54
What is the remainder when 7098 is divided by 479?
392
Calculate the remainder when 49426 is divided by 1333.
105
Calculate the remainder when 5418 is divided by 156.
114
Calculate the remainder when 292620 is divided by 1493.
1485
Calculate the remainder when 1381 is divided by 511.
359
Calculate the remainder when 124003 is divided by 15496.
35
Calculate the remainder when 160970 is divided by 33.
29
Calculate the remainder when 1222570 is divided by 13.
11
What is the remainder when 171217 is divided by 22?
13
What is the remainder when 79541 is divided by 39766?
9
Calculate the remainder when 439757 is divided by 373.
363
Calculate the remainder when 104011 is divided by 355.
351
Calculate the remainder when 930 is divided by 422.
86
What is the remainder when 123568 is divided by 90?
88
What is the remainder when 1571 is divided by 521?
8
What is the remainder when 2728852 is divided by 13?
9
What is the remainder when 83561 is divided by 753?
731
What is the remainder when 76809 is divided by 40?
9
Calculate the remainder when 5936 is divided by 2829.
278
What is the remainder when 62220 is divided by 102?
0
What is the remainder when 680382 is divided by 161?
157
Calculate the remainder when 1041414 is divided by 64.
6
Calculate the remainder when 3698 is divided by 125.
73
Calculate the remainder when 4074 is divided by 1100.
774
What is the remainder when 3520019 is divided by 435?
434
Calculate the remainder when 27605 is divided by 19.
17
Calculate the remainder when 5490 is divided by 1368.
18
What is the remainder when 1175 is divided by 293?
3
Calculate the remainder when 3283 is divided by 337.
250
Calculate the remainder when 1647404 is divided by 24.
20
Calculate the remainder when 4790 is divided by 160.
150
What is the remainder when 1040 is divided by 514?
12
Calculate the remainder when 304915 is divided by 42.
37
What is the remainder when 11042 is divided by 489?
284
Calculate the remainder when 7570 is divided by 839.
19
What is the remainder when 149853 is divided by 215?
213
What is the remainder when 4584746 is divided by 15?
11
What is the remainder when 136819 is divided by 204?
139
What is the remainder when 63763 is divided by 98?
63
What is the remainder when 6446 is divided by 124?
122
Calculate the remainder when 9345 is divided by 135.
30
Calculate the remainder when 54673 is divided by 18170.
163
What is the remainder when 9478 is divided by 36?
10
Calculate the remainder when 22614 is divided by 109.
51
What is the remainder when 25157 is divided by 12533?
91
Calculate the remainder when 156141 is divided by 6.
3
What is the remainder when 5784 is divided by 1444?
8
Calculate the remainder when 14621 is divided by 870.
701
Calculate the remainder when 79805 is divided by 16.
13
Calculate the remainder when 109873 is divided by 618.
487
Calculate the remainder when 3227695 is divided by 99.
97
What is the remainder when 27038 is divided by 52?
50
Calculate the remainder when 1966 is divided by 486.
22
What is the remainder when 8648 is divided by 2157?
20
What is the remainder when 71484 is divided by 71481?
3
Calculate the remainder when 5076 is divided by 36.
0
Calculate the remainder when 531271 is divided by 31.
24
What is the remainder when 17952 is divided by 1282?
4
What is the remainder when 396859 is divided by 87?
52
What is the remainder when 5972 is divided by 248?
20
What is the remainder when 7022 is divided by 588?
554
What is the remainder when 3719 is divided by 1003?
710
What is the remainder when 93547 is divided by 417?
139
Calculate the remainder when 1016 is divided by 214.
160
Calculate the remainder when 9054 is divided by 117.
45
What is the remainder when 1902 is divided by 947?
8
Calculate the remainder when 136382 is divided by 102.
8
Calculate the remainder when 2671 is divided by 33.
31
What is the remainder when 472 is divided by 340?
132
What is the remainder when 537012 is divided by 179004?
0
What is the remainder when 2041 is divided by 208?
169
Calculate the remainder when 740 is divided by 51.
26
Calculate the remainder when 149554 is divided by 481.
444
What is the remainder when 2276 is divided by 15?
11
Calculate the remainder when 106217 is divided by 17.
1
Calculate the remainder when 753 is divided by 360.
33
Calculate the remainder when 599596 is divided by 35.
11
What is the remainder when 43602 is divided by 135?
132
Calculate the remainder when 9513 is divided by 2374.
17
What is the remainder when 845965 is divided by 1630?
1625
What is the remainder when 2284 is divided by 337?
262
What is the remainder when 401455 is divided by 16058?
5
What is the remainder when 21450 is divided by 21433?
17
What is the remainder when 29948 is divided by 7363?
496
Calculate the remainder when 212762 is divided by 3083.
35
Calculate the remainder when 82027 is divided by 965.
2
What is the remainder when 6183 is divided by 84?
51
Calculate the remainder when 14975 is divided by 833.
814
Calculate the remainder when 25239 is divided by 12616.
7
What is the remainder when 284001 is divided by 49?
46
What is the remainder when 29654 is divided by 17?
6
Calculate the remainder when 546670 is divided by 16.
14
Calculate the remainder when 158810 is divided by 52936.
2
Calculate the remainder when 7098 is divided by 7057.
41
Calculate the remainder when 31013 is divided by 63.
17
Calculate the remainder when 7508641 is divided by 1318.
1313
What is the remainder when 13791 is divided by 57?
54
What is the remainder when 5736 is divided by 335?
41
Calculate the remainder when 9469 is divided by 1575.
19
Calculate the remainder when 1647 is divided by 1623.
24
What is the remainder when 9715 is divided by 1215?
1210
Calculate the remainder when 20210245 is divided by 1733.
1732
Calculate the remainder when 638 is divided by 177.
107
Calculate the remainder when 3320 is divided by 206.
24
What is the remainder when 10126889 is divided by 1249?
1246
What is the remainder when 4350 is divided by 251?
83
What is the remainder when 32479 is divided by 145?
144
What is the remainder when 71273 is divided by 4751?
8
Calculate the remainder when 39893 is divided by 973.
0
Calculate the remainder when 11309 is divided by 1412.
13
Calculate the remainder when 7287 is divided by 14.
7
Calculate the remainder when 1222 is divided by 394.
40
Calculate the remainder when 3920 is divided by 159.
104
What is the remainder when 38288 is divided by 257?
252
What is the remainder when 129265 is divided by 302?
9
What is the remainder when 1508 is divided by 1504?
4
What is the remainder when 52999 is divided by 4808?
111
What is the remainder when 3209021 is divided by 26?
23
What is the remainder when 12303 is divided by 1530?
63
What is the remainder when 147022 is divided by 30?
22
Calculate the remainder when 442110 is divided by 64.
62
What is the remainder when 6051 is divided by 84?
3
Calculate the remainder when 1307303 is divided by 47.
45
What is the remainder when 25625 is divided by 347?
294
What is the remainder when 1635 is divided by 622?
391
What is the remainder when 44441 is divided by 533?
202
Calculate the remainder when 1501 is divided by 45.
16
What is the remainder when 3594 is divided by 653?
329
What is the remainder when 8227 is divided by 8044?
183
What is the remainder when 18630 is divided by 4614?
174
What is the remainder when 2